{"id":857,"date":"2025-07-07T00:43:44","date_gmt":"2025-07-07T00:43:44","guid":{"rendered":"https:\/\/megaplaza.com\/tienda\/?post_type=product&#038;p=857"},"modified":"2025-08-26T14:23:17","modified_gmt":"2025-08-26T14:23:17","slug":"audifonos-in-ear-kz-castor-hifi-para-monitoreo-musica-audifonos-monitores-audifonos-para-audiofilos","status":"publish","type":"product","link":"https:\/\/megaplaza.com\/tienda\/product\/audifonos-in-ear-kz-castor-hifi-para-monitoreo-musica-audifonos-monitores-audifonos-para-audiofilos\/","title":{"rendered":"Aud\u00edfonos In-Ear KZ Castor HiFi para monitoreo, m\u00fasica, aud\u00edfonos monitores, aud\u00edfonos para audi\u00f3filos"},"content":{"rendered":"<p>AUD\u00cdFONOS KZ CASTOR HARMAN BASS IMPROVED VERSION CON MICR\u00d3FONO PARA MONITOREO &#8211; DISPONIBLES PARA ENV\u00cdO INMEDIATO DESDE M\u00c9XICO<\/p>\n<p>ESTA ES LA VERSI\u00d3N HARMAN CON GRAVES MEJORADOS (BASS)<\/p>\n<h5>Ajustes de sonido<\/h5>\n<p>Los aud\u00edfonos KZ Castor auriculares internos de alta fidelidad cuentan con filtros ac\u00fasticos profesionales integrados que admiten ajustes de baja frecuencia de 2 etapas y ajustes de alta frecuencia de 2 etapas. Los usuarios pueden ajustar el sonido a su estilo musical preferido y crear 16 firmas de sonido diferentes.<\/p>\n<p>Los aud\u00edfonos KZ Castor tienen un dise\u00f1o compacto y c\u00f3modo: el dise\u00f1o de cavidades apiladas de los auriculares con monitor garantiza un tama\u00f1o total m\u00e1s peque\u00f1o sin comprometer la calidad del audio. Este dise\u00f1o mejora la comodidad al usar los auriculares durante per\u00edodos prolongados, haci\u00e9ndolos adecuados para largas sesiones de escucha.<\/p>\n<p>Almohadillas para los o\u00eddos de espuma viscoel\u00e1stica de primera calidad: Castor est\u00e1 equipado con almohadillas para los o\u00eddos de espuma viscoel\u00e1stica de alta gama que est\u00e1n optimizadas para mejoras espec\u00edficas de la estructura f\u00edsica. Estas almohadillas para los o\u00eddos de 2 auriculares din\u00e1micos con armadura equilibrada y sintonizables reducen eficazmente la sibilancia y mejoran la calidad general del sonido.<\/p>\n<p>El material de rebote lento mejora la comodidad durante el uso y proporciona un aislamiento y atenuaci\u00f3n del ruido excepcionales.<\/p>\n<h5>Moldeo de resina de alta precisi\u00f3n<\/h5>\n<p>Los aud\u00edfonos KZ Castor utilizan tecnolog\u00eda de moldeado de resina de alta precisi\u00f3n, superando la precisi\u00f3n de la impresi\u00f3n 3D tradicional en m\u00e1s de 10 veces. Mientras que las tolerancias de la impresi\u00f3n 3D tradicionales oscilan alrededor de 0,1 mm, la precisi\u00f3n de la estructura interna de Castor alcanza aproximadamente 0,01 mm. Esto garantiza una reproducci\u00f3n de sonido precisa y consistente.<\/p>\n<p>Cable duradero y resistente a la corrosi\u00f3n: el cable de los auriculares del art\u00edculo est\u00e1 dise\u00f1ado para resistir tirones, flexiones y corrosi\u00f3n. Su construcci\u00f3n robusta garantiza durabilidad, permiti\u00e9ndote disfrutar de tu m\u00fasica sin preocuparte por da\u00f1os o deterioro del cable con el tiempo.<\/p>\n<h5>Especificaciones<\/h5>\n<p>Principio de vocalismo: din\u00e1mico<br \/>\nMaterial: ABS<br \/>\nPrincipio de sonido: bobina m\u00f3vil<br \/>\nM\u00e9todo de uso: en la oreja<br \/>\nMicr\u00f3fono: con micr\u00f3fono<br \/>\nMaterial de la cavidad: metal + pl\u00e1stico.<br \/>\nRango de respuesta de frecuencia: 16-20000Hz<br \/>\nTipo de enchufe: 3.5 mm<br \/>\nLongitud del cable: 120 cm<br \/>\nSe puede reemplazar el cable: S\u00ed<\/p>\n<h5>LO QUE INCLUYE EL PAQUETE:<\/h5>\n<ul>\n<li>1 x Par de auriculares KZ Castor Harman Bass Improved Version<\/li>\n<li>3 x Pares de puntas para los o\u00eddos de memory foam<\/li>\n<li>1 x Cable de auriculares con microfono<\/li>\n<li>1 x Pin de ajuste para los swhitches<\/li>\n<\/ul>\n<p>===================================================<br \/>\n\u00bfPORQU\u00c9 COMPRAR EN MEGAPLAZA?<\/p>\n<p>&#8211; Somos una empresa legalmente constituida y con m\u00e1s de 20 a\u00f1os de experiencia en la venta de tecnolog\u00eda y gadgets tecnol\u00f3gicos.<br \/>\n&#8211; Somos Mercado L\u00edder Platino, el m\u00e1s alto nivel para vendedores en Mercado Libre.<br \/>\n&#8211; Contamos con m\u00e1s de 30,000 ventas realizadas y somos referente calidad y garant\u00eda.<br \/>\n&#8211; Facturamos tus compras.<br \/>\n&#8211; Damos soporte t\u00e9cnico postventa para cualquier duda que tengas al respecto de tu compra.<\/p>\n","protected":false},"excerpt":{"rendered":"<p>Aud\u00edfonos In-Ear KZ Castor Harman Bass improved, version con micr\u00f3fono\u00a0 (Con bajos mejorados) disponibles para env\u00edo inmediato desde M\u00e9xico. Aud\u00edfonos al\u00e1mbricos para monitoreo, para m\u00fasicos, para audi\u00f3filos, m\u00f9sica, deportes, DJ.<\/p>\n","protected":false},"featured_media":858,"comment_status":"open","ping_status":"closed","template":"","meta":{"_bst_post_transparent":"default","_bst_post_title":"","_bst_post_layout":"default","_bst_post_sidebar_id":"","_bst_post_content_style":"default","_bst_post_vertical_padding":"default","_bst_post_feature":"","_bst_post_feature_position":"","_bst_post_header":false,"_bst_post_footer":false},"product_brand":[103],"product_cat":[50,102],"product_tag":[104,119,125,123,124,106],"class_list":{"0":"post-857","1":"product","2":"type-product","3":"status-publish","4":"has-post-thumbnail","6":"product_brand-kz","7":"product_cat-audifonos","8":"product_cat-audifonos-inear-in-ear","9":"product_tag-audifonos","10":"product_tag-audifonos-bluetooth","11":"product_tag-audifonos-hifi","12":"product_tag-audifonos-para-monitoreo","13":"product_tag-monitoreo","14":"product_tag-monitores","16":"first","17":"instock","18":"sale","19":"taxable","20":"shipping-taxable","21":"purchasable","22":"product-type-variable","23":"wvs-archive-product-wrapper","24":"entry","25":"content-bg","26":"loop-entry"},"yoast_head":"<!-- This site is optimized with the Yoast SEO Premium plugin v25.4 (Yoast SEO v25.8) - https:\/\/yoast.com\/wordpress\/plugins\/seo\/ -->\n<title>Aud\u00edfonos In-Ear KZ Castor HiFi para monitoreo, m\u00fasica, aud\u00edfonos monitores, aud\u00edfonos para audi\u00f3filos<\/title>\n<meta name=\"description\" content=\"Aud\u00edfonos KZ Castor Bass Mejorado con Switches de afinaci\u00f3n, In-Ears para monitoreo, monitorse para m\u00fasicos, cantantes, DJS, instrumentos, audi\u00f3filos.\" \/>\n<meta name=\"robots\" content=\"index, follow, max-snippet:-1, max-image-preview:large, max-video-preview:-1\" \/>\n<link rel=\"canonical\" href=\"https:\/\/megaplaza.com\/tienda\/product\/audifonos-in-ear-kz-castor-hifi-para-monitoreo-musica-audifonos-monitores-audifonos-para-audiofilos\/\" \/>\n<meta property=\"og:locale\" content=\"es_MX\" \/>\n<meta property=\"og:type\" content=\"article\" \/>\n<meta property=\"og:title\" content=\"Aud\u00edfonos In-Ear KZ Castor HiFi para monitoreo, m\u00fasica, aud\u00edfonos monitores, aud\u00edfonos para audi\u00f3filos\" \/>\n<meta property=\"og:description\" content=\"Aud\u00edfonos KZ Castor Bass Mejorado con Switches de afinaci\u00f3n, In-Ears para monitoreo, monitorse para m\u00fasicos, cantantes, DJS, instrumentos, audi\u00f3filos.\" \/>\n<meta property=\"og:url\" content=\"https:\/\/megaplaza.com\/tienda\/product\/audifonos-in-ear-kz-castor-hifi-para-monitoreo-musica-audifonos-monitores-audifonos-para-audiofilos\/\" \/>\n<meta property=\"og:site_name\" content=\"Mega Plaza - Audio Gadgets MX\" \/>\n<meta property=\"article:publisher\" content=\"https:\/\/facebook.com\/MegaPlazaMX\" \/>\n<meta property=\"article:modified_time\" content=\"2025-08-26T14:23:17+00:00\" \/>\n<meta property=\"og:image\" content=\"https:\/\/megaplaza.com\/tienda\/wp-content\/uploads\/2025\/07\/KZ_Castor_con-micro.jpg\" \/>\n\t<meta property=\"og:image:width\" content=\"1500\" \/>\n\t<meta property=\"og:image:height\" content=\"1500\" \/>\n\t<meta property=\"og:image:type\" content=\"image\/jpeg\" \/>\n<meta name=\"twitter:card\" content=\"summary_large_image\" \/>\n<meta name=\"twitter:label1\" content=\"Disponibilidad\" \/>\n\t<meta name=\"twitter:data1\" content=\"Disponible\" \/>\n<script type=\"application\/ld+json\" class=\"yoast-schema-graph\">{\"@context\":\"https:\/\/schema.org\",\"@graph\":[{\"@type\":\"WebPage\",\"@id\":\"https:\/\/megaplaza.com\/tienda\/product\/audifonos-in-ear-kz-castor-hifi-para-monitoreo-musica-audifonos-monitores-audifonos-para-audiofilos\/\",\"url\":\"https:\/\/megaplaza.com\/tienda\/product\/audifonos-in-ear-kz-castor-hifi-para-monitoreo-musica-audifonos-monitores-audifonos-para-audiofilos\/\",\"name\":\"Aud\u00edfonos In-Ear KZ Castor HiFi para monitoreo, m\u00fasica, aud\u00edfonos monitores, aud\u00edfonos para audi\u00f3filos\",\"isPartOf\":{\"@id\":\"https:\/\/megaplaza.com\/tienda\/#website\"},\"primaryImageOfPage\":{\"@id\":\"https:\/\/megaplaza.com\/tienda\/product\/audifonos-in-ear-kz-castor-hifi-para-monitoreo-musica-audifonos-monitores-audifonos-para-audiofilos\/#primaryimage\"},\"image\":{\"@id\":\"https:\/\/megaplaza.com\/tienda\/product\/audifonos-in-ear-kz-castor-hifi-para-monitoreo-musica-audifonos-monitores-audifonos-para-audiofilos\/#primaryimage\"},\"thumbnailUrl\":\"https:\/\/megaplaza.com\/tienda\/wp-content\/uploads\/2025\/07\/KZ_Castor_con-micro.jpg\",\"datePublished\":\"2025-07-07T00:43:44+00:00\",\"dateModified\":\"2025-08-26T14:23:17+00:00\",\"description\":\"Aud\u00edfonos KZ Castor Bass Mejorado con Switches de afinaci\u00f3n, In-Ears para monitoreo, monitorse para m\u00fasicos, cantantes, DJS, instrumentos, audi\u00f3filos.\",\"breadcrumb\":{\"@id\":\"https:\/\/megaplaza.com\/tienda\/product\/audifonos-in-ear-kz-castor-hifi-para-monitoreo-musica-audifonos-monitores-audifonos-para-audiofilos\/#breadcrumb\"},\"inLanguage\":\"es\",\"potentialAction\":[{\"@type\":\"ReadAction\",\"target\":[\"https:\/\/megaplaza.com\/tienda\/product\/audifonos-in-ear-kz-castor-hifi-para-monitoreo-musica-audifonos-monitores-audifonos-para-audiofilos\/\"]}]},{\"@type\":\"ImageObject\",\"inLanguage\":\"es\",\"@id\":\"https:\/\/megaplaza.com\/tienda\/product\/audifonos-in-ear-kz-castor-hifi-para-monitoreo-musica-audifonos-monitores-audifonos-para-audiofilos\/#primaryimage\",\"url\":\"https:\/\/megaplaza.com\/tienda\/wp-content\/uploads\/2025\/07\/KZ_Castor_con-micro.jpg\",\"contentUrl\":\"https:\/\/megaplaza.com\/tienda\/wp-content\/uploads\/2025\/07\/KZ_Castor_con-micro.jpg\",\"width\":1500,\"height\":1500,\"caption\":\"Aud\u00ecfonos KZ Castor con bajos mejorados monitores\"},{\"@type\":\"BreadcrumbList\",\"@id\":\"https:\/\/megaplaza.com\/tienda\/product\/audifonos-in-ear-kz-castor-hifi-para-monitoreo-musica-audifonos-monitores-audifonos-para-audiofilos\/#breadcrumb\",\"itemListElement\":[{\"@type\":\"ListItem\",\"position\":1,\"name\":\"Inicio\",\"item\":\"https:\/\/megaplaza.com\/tienda\/\"},{\"@type\":\"ListItem\",\"position\":2,\"name\":\"Tienda Aud\u00edfonos KZ monitores: Audio Gadgets MX\",\"item\":\"https:\/\/megaplaza.com\/tienda\/tienda-audifonos-kz-monitores\/\"},{\"@type\":\"ListItem\",\"position\":3,\"name\":\"Aud\u00edfonos In-Ear KZ Castor HiFi para monitoreo, m\u00fasica, aud\u00edfonos monitores, aud\u00edfonos para audi\u00f3filos\"}]},{\"@type\":\"WebSite\",\"@id\":\"https:\/\/megaplaza.com\/tienda\/#website\",\"url\":\"https:\/\/megaplaza.com\/tienda\/\",\"name\":\"Audio Gadgets MX\",\"description\":\"Aud\u00edfonos y Gadgets de Audio\",\"publisher\":{\"@id\":\"https:\/\/megaplaza.com\/tienda\/#organization\"},\"potentialAction\":[{\"@type\":\"SearchAction\",\"target\":{\"@type\":\"EntryPoint\",\"urlTemplate\":\"https:\/\/megaplaza.com\/tienda\/?s={search_term_string}\"},\"query-input\":{\"@type\":\"PropertyValueSpecification\",\"valueRequired\":true,\"valueName\":\"search_term_string\"}}],\"inLanguage\":\"es\"},{\"@type\":\"Organization\",\"@id\":\"https:\/\/megaplaza.com\/tienda\/#organization\",\"name\":\"Mega Plaza - Audio Gadgets MX\",\"url\":\"https:\/\/megaplaza.com\/tienda\/\",\"logo\":{\"@type\":\"ImageObject\",\"inLanguage\":\"es\",\"@id\":\"https:\/\/megaplaza.com\/tienda\/#\/schema\/logo\/image\/\",\"url\":\"https:\/\/megaplaza.com\/tienda\/wp-content\/uploads\/2025\/04\/cropped-logo.png\",\"contentUrl\":\"https:\/\/megaplaza.com\/tienda\/wp-content\/uploads\/2025\/04\/cropped-logo.png\",\"width\":555,\"height\":145,\"caption\":\"Mega Plaza - Audio Gadgets MX\"},\"image\":{\"@id\":\"https:\/\/megaplaza.com\/tienda\/#\/schema\/logo\/image\/\"},\"sameAs\":[\"https:\/\/facebook.com\/MegaPlazaMX\"]}]}<\/script>\n<meta property=\"og:availability\" content=\"instock\" \/>\n<meta property=\"product:availability\" content=\"instock\" \/>\n<meta property=\"product:retailer_item_id\" content=\"KZCastorBass\" \/>\n<meta property=\"product:condition\" content=\"new\" \/>\n<!-- \/ Yoast SEO Premium plugin. -->","yoast_head_json":{"title":"Aud\u00edfonos In-Ear KZ Castor HiFi para monitoreo, m\u00fasica, aud\u00edfonos monitores, aud\u00edfonos para audi\u00f3filos","description":"Aud\u00edfonos KZ Castor Bass Mejorado con Switches de afinaci\u00f3n, In-Ears para monitoreo, monitorse para m\u00fasicos, cantantes, DJS, instrumentos, audi\u00f3filos.","robots":{"index":"index","follow":"follow","max-snippet":"max-snippet:-1","max-image-preview":"max-image-preview:large","max-video-preview":"max-video-preview:-1"},"canonical":"https:\/\/megaplaza.com\/tienda\/product\/audifonos-in-ear-kz-castor-hifi-para-monitoreo-musica-audifonos-monitores-audifonos-para-audiofilos\/","og_locale":"es_MX","og_type":"article","og_title":"Aud\u00edfonos In-Ear KZ Castor HiFi para monitoreo, m\u00fasica, aud\u00edfonos monitores, aud\u00edfonos para audi\u00f3filos","og_description":"Aud\u00edfonos KZ Castor Bass Mejorado con Switches de afinaci\u00f3n, In-Ears para monitoreo, monitorse para m\u00fasicos, cantantes, DJS, instrumentos, audi\u00f3filos.","og_url":"https:\/\/megaplaza.com\/tienda\/product\/audifonos-in-ear-kz-castor-hifi-para-monitoreo-musica-audifonos-monitores-audifonos-para-audiofilos\/","og_site_name":"Mega Plaza - Audio Gadgets MX","article_publisher":"https:\/\/facebook.com\/MegaPlazaMX","article_modified_time":"2025-08-26T14:23:17+00:00","og_image":[{"width":1500,"height":1500,"url":"https:\/\/megaplaza.com\/tienda\/wp-content\/uploads\/2025\/07\/KZ_Castor_con-micro.jpg","type":"image\/jpeg"}],"twitter_card":"summary_large_image","twitter_misc":{"Disponibilidad":"Disponible"},"schema":{"@context":"https:\/\/schema.org","@graph":[{"@type":"WebPage","@id":"https:\/\/megaplaza.com\/tienda\/product\/audifonos-in-ear-kz-castor-hifi-para-monitoreo-musica-audifonos-monitores-audifonos-para-audiofilos\/","url":"https:\/\/megaplaza.com\/tienda\/product\/audifonos-in-ear-kz-castor-hifi-para-monitoreo-musica-audifonos-monitores-audifonos-para-audiofilos\/","name":"Aud\u00edfonos In-Ear KZ Castor HiFi para monitoreo, m\u00fasica, aud\u00edfonos monitores, aud\u00edfonos para audi\u00f3filos","isPartOf":{"@id":"https:\/\/megaplaza.com\/tienda\/#website"},"primaryImageOfPage":{"@id":"https:\/\/megaplaza.com\/tienda\/product\/audifonos-in-ear-kz-castor-hifi-para-monitoreo-musica-audifonos-monitores-audifonos-para-audiofilos\/#primaryimage"},"image":{"@id":"https:\/\/megaplaza.com\/tienda\/product\/audifonos-in-ear-kz-castor-hifi-para-monitoreo-musica-audifonos-monitores-audifonos-para-audiofilos\/#primaryimage"},"thumbnailUrl":"https:\/\/megaplaza.com\/tienda\/wp-content\/uploads\/2025\/07\/KZ_Castor_con-micro.jpg","datePublished":"2025-07-07T00:43:44+00:00","dateModified":"2025-08-26T14:23:17+00:00","description":"Aud\u00edfonos KZ Castor Bass Mejorado con Switches de afinaci\u00f3n, In-Ears para monitoreo, monitorse para m\u00fasicos, cantantes, DJS, instrumentos, audi\u00f3filos.","breadcrumb":{"@id":"https:\/\/megaplaza.com\/tienda\/product\/audifonos-in-ear-kz-castor-hifi-para-monitoreo-musica-audifonos-monitores-audifonos-para-audiofilos\/#breadcrumb"},"inLanguage":"es","potentialAction":[{"@type":"ReadAction","target":["https:\/\/megaplaza.com\/tienda\/product\/audifonos-in-ear-kz-castor-hifi-para-monitoreo-musica-audifonos-monitores-audifonos-para-audiofilos\/"]}]},{"@type":"ImageObject","inLanguage":"es","@id":"https:\/\/megaplaza.com\/tienda\/product\/audifonos-in-ear-kz-castor-hifi-para-monitoreo-musica-audifonos-monitores-audifonos-para-audiofilos\/#primaryimage","url":"https:\/\/megaplaza.com\/tienda\/wp-content\/uploads\/2025\/07\/KZ_Castor_con-micro.jpg","contentUrl":"https:\/\/megaplaza.com\/tienda\/wp-content\/uploads\/2025\/07\/KZ_Castor_con-micro.jpg","width":1500,"height":1500,"caption":"Aud\u00ecfonos KZ Castor con bajos mejorados monitores"},{"@type":"BreadcrumbList","@id":"https:\/\/megaplaza.com\/tienda\/product\/audifonos-in-ear-kz-castor-hifi-para-monitoreo-musica-audifonos-monitores-audifonos-para-audiofilos\/#breadcrumb","itemListElement":[{"@type":"ListItem","position":1,"name":"Inicio","item":"https:\/\/megaplaza.com\/tienda\/"},{"@type":"ListItem","position":2,"name":"Tienda Aud\u00edfonos KZ monitores: Audio Gadgets MX","item":"https:\/\/megaplaza.com\/tienda\/tienda-audifonos-kz-monitores\/"},{"@type":"ListItem","position":3,"name":"Aud\u00edfonos In-Ear KZ Castor HiFi para monitoreo, m\u00fasica, aud\u00edfonos monitores, aud\u00edfonos para audi\u00f3filos"}]},{"@type":"WebSite","@id":"https:\/\/megaplaza.com\/tienda\/#website","url":"https:\/\/megaplaza.com\/tienda\/","name":"Audio Gadgets MX","description":"Aud\u00edfonos y Gadgets de Audio","publisher":{"@id":"https:\/\/megaplaza.com\/tienda\/#organization"},"potentialAction":[{"@type":"SearchAction","target":{"@type":"EntryPoint","urlTemplate":"https:\/\/megaplaza.com\/tienda\/?s={search_term_string}"},"query-input":{"@type":"PropertyValueSpecification","valueRequired":true,"valueName":"search_term_string"}}],"inLanguage":"es"},{"@type":"Organization","@id":"https:\/\/megaplaza.com\/tienda\/#organization","name":"Mega Plaza - Audio Gadgets MX","url":"https:\/\/megaplaza.com\/tienda\/","logo":{"@type":"ImageObject","inLanguage":"es","@id":"https:\/\/megaplaza.com\/tienda\/#\/schema\/logo\/image\/","url":"https:\/\/megaplaza.com\/tienda\/wp-content\/uploads\/2025\/04\/cropped-logo.png","contentUrl":"https:\/\/megaplaza.com\/tienda\/wp-content\/uploads\/2025\/04\/cropped-logo.png","width":555,"height":145,"caption":"Mega Plaza - Audio Gadgets MX"},"image":{"@id":"https:\/\/megaplaza.com\/tienda\/#\/schema\/logo\/image\/"},"sameAs":["https:\/\/facebook.com\/MegaPlazaMX"]}]},"og_availability":"instock","product_availability":"instock","product_retailer_item_id":"KZCastorBass","product_condition":"new"},"_links":{"self":[{"href":"https:\/\/megaplaza.com\/tienda\/wp-json\/wp\/v2\/product\/857","targetHints":{"allow":["GET"]}}],"collection":[{"href":"https:\/\/megaplaza.com\/tienda\/wp-json\/wp\/v2\/product"}],"about":[{"href":"https:\/\/megaplaza.com\/tienda\/wp-json\/wp\/v2\/types\/product"}],"replies":[{"embeddable":true,"href":"https:\/\/megaplaza.com\/tienda\/wp-json\/wp\/v2\/comments?post=857"}],"version-history":[{"count":3,"href":"https:\/\/megaplaza.com\/tienda\/wp-json\/wp\/v2\/product\/857\/revisions"}],"predecessor-version":[{"id":938,"href":"https:\/\/megaplaza.com\/tienda\/wp-json\/wp\/v2\/product\/857\/revisions\/938"}],"wp:featuredmedia":[{"embeddable":true,"href":"https:\/\/megaplaza.com\/tienda\/wp-json\/wp\/v2\/media\/858"}],"wp:attachment":[{"href":"https:\/\/megaplaza.com\/tienda\/wp-json\/wp\/v2\/media?parent=857"}],"wp:term":[{"taxonomy":"product_brand","embeddable":true,"href":"https:\/\/megaplaza.com\/tienda\/wp-json\/wp\/v2\/product_brand?post=857"},{"taxonomy":"product_cat","embeddable":true,"href":"https:\/\/megaplaza.com\/tienda\/wp-json\/wp\/v2\/product_cat?post=857"},{"taxonomy":"product_tag","embeddable":true,"href":"https:\/\/megaplaza.com\/tienda\/wp-json\/wp\/v2\/product_tag?post=857"}],"curies":[{"name":"wp","href":"https:\/\/api.w.org\/{rel}","templated":true}]}}